m).
-3
Suppose 3 = -4*z - 1. Let s(h) = h**3 + h**2 + h. Let j be 2/(-4)*22/(-11). Let d(x) = -4*x**2 - 5*x - 1. Let w(n) = j*d(n) + 5*s(n). Determine w(z).
-5
Suppose -12*q + 5*q = -77. Let x(g) be the third derivative of g**5/60 - 5*g**4/12 - 3*g**3/2 - 2*g**2. Let y be x(q). Let r(o) = -3*o + 2. Calculate r(y).
-4
Let u(m) be the third derivative of 7*m**4/24 - m**3/3 + 119*m**2. Calculate u(-1).
-9
Let c be (6 - 65/10)*-1*0. Suppose 5*p = 4*p + 3. Let s(h) = 1 + h**2 - h - 2 + h**3 - p. Give s(c).
-4
Let y(q) = q**3 + 10*q**2 + 3*q + 4. Suppose 0 = g + 5*g + 78. Let i(k) = 2*k**3 + 21*k**2 + 7*k + 8. Let x(r) = g*y(r) + 6*i(r). Calculate x(-5).
6
Let u(q) = -q + 4*q**2 - q**3 + 2*q - 2*q + 2. Let r(w) = -2*w - 10. Let h(f) = -6*f**2 - 1. Let d be h(1). Let z be r(d). Give u(z).
-2
Let t = -623 + 617. Let b(l) = -l**2 - 8*l - 5. Calculate b(t).
7
Let z(f) = 22*f**3 + 2*f + 9. Let u(j) = -11*j**3 - j - 4. Let y(w) = -9*u(w) - 4*z(w). Give y(-1).
-12
Let v(p) = p**2 - 9*p - 5. Let l be (-63)/12*(-56)/42. Calculate v(l).
-19
Let i(z) = z**2 + 4*z - 5. Suppose -4*x - 3*o = -6 - 14, 5*x - 2*o - 2 = 0. Suppose -x = -2*m + j - 17, 0 = -2*m + 2*j - 16. What is i(m)?
16
Let x(t) be the third derivative of 13*t**2 + 0*t - 1/24*t**4 - 1/60*t**5 - 5/6*t**3 + 0. Let y be ((-16)/(-12))/((-1)/3). Calculate x(y).
-17
Let o(p) = -p + 6. Suppose 17*u + 2*t = 15*u, -t = 3. Give o(u).
3
Let x be (-8)/(-44) + (70/(-22) - 2). Let u(c) = 3*c**2 - 12*c + 1. Let a(z) = -2*z**2 + 6*z - 1. Let o(m) = x*a(m) - 3*u(m). Calculate o(-6).
2
Let r = -6 + 11. Let q be (-4)/(12/(-15)) + -3. Let x(v) = -5 + 8*v - 4 + 5 - q*v - v**2. Determine x(r).
1
Let k(w) be the third derivative of w**4/8 + 2*w**3/3 + 12*w**2 - w. Let h = 19 - 24. Calculate k(h).
-11
Let w(k) be the third derivative of k**5/60 + 5*k**4/12 + 26*k**3/3 + 5*k**2 - k. Let u(c) be the first derivative of w(c). What is u(-7)?
-4
Let h(p) = 7*p - 5. Let r be (5 - (-31)/(-5))*-5. Suppose 10 = -r*g + 34. Calculate h(g).
23
Let n = 73 - 85. Let p be (-3 - 44/n)*3. Let f(l) be the third derivative of l**4/12 - l**3/2 - 2*l**2. Calculate f(p).
1
Suppose -6 = -0*m - 2*m. Let f(u) = u**3 - 2*u**2 - 3*u - 4. Let d be f(m). Let g(x) be the first derivative of -x**2/2 + 1. Calculate g(d).
4
Let j(b) = -b**3 + 3*b**2 + 4*b + 5. Let k(x) = -x**2 - 21*x - 100. Let w be k(-13). Give j(w).
5
Let q(h) = -10 + 6 + 8 + 3*h. Let w(t) = -t - 3. Let z be w(-7). Suppose 15 = -z*g - g. Give q(g).
-5
Let k(u) = 11 + 224*u - 236*u + u**3 + 11*u**2 + 4. Give k(-12).
15
Let x(h) be the third derivative of h**7/5040 - h**6/72 - h**5/10 + h**2. Let t(q) be the third derivative of x(q). Give t(-7).
-17
Let i(c) = c - 6. Let f = -391 - -391. Determine i(f).
-6
Let z(x) = -x**3 - 10*x**2 + 3*x - 1. Suppose -520*f = -524*f - 40. Give z(f).
-31
Let j(f) = 2*f - 5 + 516*f**2 - 515*f**2 - 3*f. Calculate j(5).
15
Let z(n) = n**3 + 3*n**2 + 29*n + 3. Let o(a) = -a**2 + 3*a - 1. Let i(j) = 6*o(j) - z(j). Determine i(-7).
-30
Let p(j) = -j**3 + 13*j**2 - 11*j + 1. Let u(v) = v**2 - v - 1. Let y(r) = -p(r) + 3*u(r). Suppose -110 = -3*a - 83. What is y(a)?
-13
Let k = 133 - 140. Let h(u) = 2*u + 10. Calculate h(k).
-4
Let a(d) = 4*d**2 - 10*d - 3. Let s(c) = -2*c**2 + 4*c + 1. Let h(r) = -2*a(r) - 5*s(r). Determine h(1).
3
Let q(h) = -2*h**3 + 8*h**2 + 2*h - 7. Let s be q(3). Let d(m) = m**2 - 17*m - 7. Calculate d(s).
-7
Let b(g) = 4*g + 15. Let c(j) = -j. Let i(d) = b(d) + 3*c(d). Let w be i(-11). Let v(x) = -2*x**2 + 5*x - 1. Calculate v(w).
-13
Let q(f) = -1. Let d(w) = -w + 4. Let j(k) = -d(k) + q(k). Determine j(5).
0
Let w(n) = 12*n**2 - 14*n + 8. Let h(x) = 5*x**2 - 7*x + 4. Let q(f) = 5*h(f) - 2*w(f). Let o = -1 + 8. Let d be q(o). Let g(i) = -i**2 + i + 2. Calculate g(d).
-10
Let i be (24 + 6 + -2)/(-2). Let h(l) = l**3 + 14*l**2 + 3*l + 35. Calculate h(i).
-7
Let q = 7 + -3. Let y = 50 + -50. Let w(v) = y*v**3 + q*v**3 + v**2 + 2*v**3. Give w(-1).
-5
Let f(c) be the third derivative of -c**6/120 - 2*c**5/15 - 11*c**4/24 - 5*c**3/3 + 5*c**2. Let b(v) = v + 1. Let w(j) = 2*b(j) + f(j). What is w(-7)?
6
Suppose r = -0*r. Suppose i - 6 = -i - 3*x, r = -i - 3*x. Let f(v) = v - 4. Determine f(i).
2
Let r(s) = s**3 - s - 3. Let q(j) = 2*j**3 - 11*j**2 - 15*j - 26. Let v(u) = q(u) - 3*r(u). Determine v(-10).
3
Let q(f) be the second derivative of 17*f**3/2 - f**2 - 950*f. Determine q(1).
49
Let t(z) = z**2 - z + 1. Let h(u) = -u**2 + 8*u + 21. Let x be h(10). Give t(x).
1
Let l(r) be the third derivative of 0*r**3 + 0 + 0*r + 1/120*r**6 + 7/24*r**4 - 34*r**2 - 7/60*r**5. What is l(5)?
-15
Let q(v) = -2*v - 16. Let k(l) = -l**2 + 9*l - 3. Let a be k(10). Determine q(a).
10
Let v(z) = 5*z**2 - 4*z + 1. Let k(w) = -4*w**2 + 3*w - 1. Let y(t) = -4*k(t) - 3*v(t). Let p be -1 + 0/(1 - 3). Give y(p).
2
Suppose -2*j - 1 = 3. Let b = 4 + j. Let m(k) = -76*k**b - k**3 - 2*k + 3*k + 80*k**2 + 3. Calculate m(3).
15
Let c = 13 - 16. Let i = c - -14. Suppose -5 = 2*r + 5*p, -p - i = 3*r + 3*p. Let h(g) = g**3 + 4*g**2 - 6*g - 4. Give h(r).
1
Let q(m) = 1 + 2*m + 0*m - 7*m. Let s(g) = g - 1. Let k be s(4). Suppose k*o - 7 = -i + 2*i, o = -i - 3. Calculate q(o).
-4
Suppose -4*t = -3*a + a - 2, -3*a - 3 = -2*t. Let v be ((12 + 0)/2)/a. Let q(x) = 7*x + 13. Let b(z) = 11*z + 20. Let i(k) = -5*b(k) + 8*q(k). Calculate i(v).
-2
Let q(g) be the first derivative of 2*g**2 + g - 45. Give q(-1).
-3
Suppose 17*y - 468 = 56*y. Let i(r) = r**3 + 13*r**2 + 15*r - 7. What is i(y)?
-43
Let a(j) = -j**2 + 8*j - 9. Suppose -6*i - f = -i - 41, i + f = 9. Calculate a(i).
-9
Let c(j) = j + 6. Let q = -237 + 237. Give c(q).
6
Let r = -1713 + 1715. Let p(k) be the second derivative of 1/6*k**3 + 1/12*k**4 + 7*k + 13/2*k**r + 0. Calculate p(0).
13
Suppose -11*b + 12*b = -6. Let t(m) = -m**3 - 7*m**2 - 3*m - 3. What is t(b)?
-21
Let l(f) = 16*f**3 + 18*f**2 + 17*f - 29. Let a(p) = -7*p**3 - 9*p**2 - 9*p + 14. Let r(u) = 9*a(u) + 4*l(u). Determine r(10).
-20
Suppose 4*x + 6 = -b, 5*x - 1 = -2*b + 10*x. Let d(t) = t**3 + 2*t**2 + 4*t + 3. Let j(r) = r + 1. Let w(i) = -d(i) + 2*j(i). Give w(b).
3
Let l(k) = 14*k**3 - 4 + 5 - 6*k**3 - 7*k**3 + 10*k**2 - 11*k. What is l(-11)?
1
Let f(k) be the second derivative of -2*k**3/3 + 5*k**2/2 + 347*k. What is f(-7)?
33
Let n(o) = -5*o**2 + 14*o + 2. Let k(i) = -11*i**2 + 30*i + 4. Let b(m) = 4*k(m) - 9*n(m). What is b(7)?
5
Let k(v) = -3*v + 2 + 0*v + v. Let r = -21 - -22. Let o be 1/r + 6/3. Determine k(o).
-4
Suppose m - 3*f + 4 = 0, 0 = 4*m + f - 5*f. Let v(n) = 6*n**2 - n + 2. Determine v(m).
24
Let i(f) = 2*f - 9 + 3*f**3 + 10 - 3*f**3 + 7*f**3. Let t be (5 + -2)*8/6. Suppose n - t = 0, 3*n + n - 14 = -2*p. Calculate i(p).
-8
Let a(w) = -2*w + 2. Let b be a(5). Let r = 14 + b. Let g(s) = -7*s + 1 + r*s + 2. What is g(-5)?
8
Let z(y) be the second derivative of -y**7/105 - y**6/360 + 2*y**3/3 - 2*y. Let k(h) be the second derivative of z(h). What is k(-1)?
7
Let v(z) = z**2 + 0*z**2 - 10*z - 4 + 4*z. Let q = -758 - -763. Determine v(q).
-9
Let g be (10/(-6))/((-1)/6). Suppose 6*s = g*s + 32. Let m(y) = -y**3 - 8*y**2 - 3*y - 7. What is m(s)?
17
Let a(d) be the second derivative of -d**5/20 - d**4/3 + d**3 + d**2 - d. Let i(x) = x - 8. Let u be i(8). Suppose -2*g + 10 - 20 = u. Give a(g).
-3
Let s(g) be the second derivative of 0 + 1/20*g**5 + 2/3*g**4 + 29*g - 5*g**2 + 5/6*g**3. Give s(-7).
4
Let d(c) = 21*c + 7. Let a = -106 - -97. Let m(w) = 5*w + 2. Suppose 5*i + 0 = 10. Let s(b) = a*m(b) + i*d(b). What is s(-4)?
8
Let k = -1 - -16. Suppose 3*r - k = -9. Let c(t) = -2*t**3 + 2*t**2 - 2*t. What is c(r)?
-12
Suppose w + i = 1, 1 = 4*w + 3*i - 5. Let y(n) = 0*n - n + w - n**3 + 10*n + 5*n**2 + 3. Give y(7).
-29
Let j(o) = -9 + 0*o - 8*o + 0*o**3 + 34956*o**2 - 34950*o**2 + o**3. What is j(-7)?
-2
Let l(x) = -x**2 - 2*x - 3. Let v(w) = -w**2 - w + 30. Let z be v(0). Let s = z - 33. Determine l(s).
-6
Let a be ((1*-2)/(-2))/(154/2618). Let h(f) = -f**3 + 16*f**2 + 15*f + 34. Give h(a).
0
Let d(j) be the second derivative of -j**4/12 - 11*j**3/6 - 21*j**2/2 + 638*j. What is d(-7)?
7
Let b(z) = -z**2 - z - 1. Let t(p) = -p**2 - 2. Let u(q) = -2*b(q) + t(q). Let v be 117/(-9) + -1 + -2. Let k = v + 13. Give u(k).
3
Let o(q) = q**2 + 6*q - 11. Let 